3847 composite?
True
Is 3008741221 a composite number?
False
Is 7857604043 a prime number?
True
Is 5247494893 composite?
True
Is 6981747007 composite?
True
Is 7547331823 composite?
False
Is 240873847 prime?
False
Is 7743727223 composite?
False
Is 66657871195 a composite number?
True
Is 18002561 a composite number?
False
Is 104322013267 a prime number?
False
Is 14919691 a composite number?
True
Is 8814674315 a prime number?
False
Is 111550027 a composite number?
False
Is 19680880859 composite?
False
Is 1797958711 a prime number?
True
Is 59954305 composite?
True
Is 2814502841 a prime number?
True
Is 8679522127 a prime number?
True
Is 1008048633 a composite number?
True
Is 18258689453 a composite number?
False
Is 246855331 a prime number?
True
Is 2332660439 composite?
False
Is 6253658963 prime?
True
Is 4731919339 prime?
False
Is 251921573 a composite number?
True
Is 24485484691 a composite number?
True
Is 13396751647 a prime number?
False
Is 204667733 a prime number?
False
Is 172451891 composite?
False
Is 2542889983 prime?
False
Is 739334537 prime?
False
Is 3195771365 a composite number?
True
Is 3526103741 prime?
True
Is 22888973627 a prime number?
False
Is 195557949949 prime?
False
Is 7891981543 a composite number?
True
Is 19259614523 prime?
True
Is 10493702377 composite?
False
Is 3801701006 prime?
False
Is 786803387 composite?
True
Is 28225857293 composite?
False
Is 72023909 prime?
True
Is 13609867267 a prime number?
True
Is 3895000181 a composite number?
False
Is 262115627 prime?
True
Is 9662055853 a prime number?
False
Is 105352439 a prime number?
False
Is 1249481357 a prime number?
True
Is 3012392497 a prime number?
False
Is 2065185055 a prime number?
False
Is 6284719487 prime?
False
Is 129199519 a composite number?
False
Is 2722426921 composite?
True
Is 1049715517 a prime number?
False
Is 36147770927 a composite number?
False
Is 10567622827 a prime number?
True
Is 6587686451 a prime number?
False
Is 323035813 composite?
False
Is 3641622563 composite?
False
Is 61764089 composite?
True
Is 38788174367 composite?
False
Is 12424647517 a composite number?
False
Is 34099003073 composite?
True
Is 9540671953 composite?
False
Is 354897881 composite?
True
Is 4421822659 a composite number?
False
Is 11816193743 a composite number?
True
Is 282887851 composite?
False
Is 53127011411 a composite number?
False
Is 326112629 composite?
False
Is 72175012103 a prime number?
False
Is 557473537 a prime number?
False
Is 1941579881 composite?
False
Is 2843250019 composite?
False
Is 1811012761 prime?
False
Is 247629243307 composite?
False
Is 59635281397 composite?
False
Is 25952920754 a prime number?
False
Is 1980701707 a prime number?
True
Is 57944351 prime?
True
Is 21655880093 prime?
True
Is 3526344749 prime?
False
Is 57040689749 a prime number?
True
Is 52246778 composite?
True
Is 693893069 composite?
False
Is 9797092769 composite?
True
Is 178456763 a composite number?
False
Is 6467935207 a prime number?
True
Is 494842019 composite?
True
Is 363093193 a prime number?
True
Is 640821469 composite?
True
Is 52236063007 a prime number?
True
Is 19005865337 a prime number?
True
Is 14294843065 prime?
False
Is 21241818629 a prime number?
True
Is 4120759067 a composite number?
False
Is 45116249 prime?
False
Is 1958171258 a composite number?
True
Is 47856563213 a composite number?
False
Is 7046171651 a prime number?
False
Is 319194899 a composite number?
False
Is 4443670901 composite?
False
Is 3747499693 composite?
True
Is 40916528167 prime?
True
Is 490812533 prime?
True
Is 179632238 a prime number?
False
Is 5203997 a composite number?
False
Is 104836357378 composite?
True
Is 3959793991 prime?
False
Is 1039437121 composite?
False
Is 326391841 a composite number?
False
Is 46868960851 a prime number?
False
Is 135903664847 a prime number?
False
Is 1117257035 a composite number?
True
Is 1393674311 a composite number?
False
Is 391387387 a prime number?
True
Is 1076392019 a prime number?
False
Is 142112437 a composite number?
True
Is 10695120989 prime?
False
Is 4208105113 a prime number?
False
Is 1313495039 a composite number?
False
Is 549559763 a prime number?
True
Is 290258077 a prime number?
True
Is 4208872421 a composite number?
True
Is 24222562883 prime?
True
Is 2650482071 composite?
False
Is 1352891887 prime?
True
Is 421097407 prime?
False
Is 209695657 prime?
True
Is 1026099461 composite?
True
Is 12808564549 composite?
True
Is 12276882251 composite?
False
Is 47241653 a prime number?
False
Is 2048347139 composite?
False
Is 8631662561 a prime number?
False
Is 6458713 a composite number?
False
Is 5385583273 a prime number?
False
Is 223267402597 a composite number?
True
Is 1463262721 composite?
True
Is 19340768023 composite?
False
Is 3087809401 prime?
True
Is 9112842533 a composite number?
True
Is 55938061279 a composite number?
True
Is 911126519 composite?
False
Is 21124715453 composite?
False
Is 9436514189 a composite number?
True
Is 237612547 composite?
False
Is 2705225209 composite?
False
Is 29416556063 a prime number?
False
Is 189929459 a composite number?
True
Is 3639129693 a composite number?
True
Is 58095101 a composite number?
True
Is 296813771 composite?
True
Is 571230019 a prime number?
True
Is 1431704959 prime?
True
Is 235127771 composite?
False
Is 34371892361 a composite number?
True
Is 5921971871 a prime number?
True
Is 16988072449 a composite number?
True
Is 18133705349 a prime number?
True
Is 25688954207 composite?
True
Is 9741981863 a prime number?
False
Is 720819973 composite?
True
Is 39221917 prime?
False
Is 2200733639 a prime number?
False
Is 199080299 prime?
False
Is 296751431 a prime number?
True
Is 30887285531 a prime number?
False
Is 2626654417 a composite number?
False
Is 2659259093 composite?
False
Is 6527021738 a composite number?
True
Is 260657959 a composite number?
True
Is 766684837 composite?
False
Is 2736777257 prime?
True
Is 9210910151 composite?
True
Is 4738662499 composite?
False
Is 16293822643 a composite number?
True
Is 18545113759 prime?
True
Is 9596224327 composite?
True
Is 296652221 a prime number?
True
Is 133180883 prime?
False
Is 2797978693 prime?
True
Is 87601211939 prime?
False
Is 88881011 a prime number?
False
Is 52570119079 a composite number?
False
Is 12770122777 composite?
False
Is 3019101929 prime?
True
Is 21237277729 a composite number?
True
Is 3809034961 a composite number?
True
Is 134852699 a composite number?
False
Is 36813959543 prime?
True
Is 88277743613 a prime number?
True
Is 20134188695 a prime number?
False
Is 16718525413 a prime number?
True
Is 369278753 a prime number?
True
Is 42431928491 a prime number?
True
Is 141846421 composite?
True
Is 2120912093 a prime number?
True
Is 41732149391 a composite number?
True
Is 2494759747 composite?
False
Is 24144016531 a composite number?
True
Is 16440034903 composite?
False
Is 869053613 prime?
False
Is 427695357685 composite?
True
Is 10434282109 composite?
True
Is 48282267559 composite?
False
Is 2781513017 a prime number?
True
Is 658022747 prime?
False
Is 694829851 a prime number?
True
Is 1517133763 a composite number?
True
Is 2914418123 composite?
False
Is 560198101 composite?
False
Is 824029933 a composite number?
True
Is 5076262667 a prime number?
False
Is 7464532885 composite?
True
Is 1985485037 a composite number?
False
Is 2499902383 a composite number?
True
Is 15823497491 composite?
False
Is 1273466069 a prime number?
False
Is 8042475611 composite?
False
Is 911482771 a composite number?
True
Is 644014991 a composite number?
True
Is 97843909477 composite?
True
Is 1068757841 prime?
True
Is 15158588119 prime?
True
Is 2201680463 a composite number?
True
Is 13242452123 a prime number?
True
Is 3272775761 a composite number?
False
Is 178248011 a composite number?
False
Is 12109979729 composite?
False
Is 3955201183 a prime number?
True
Is 127031992471 a prime number?
False
Is 3253144443 a composite number?
True
Is 4767253 composite?
False
Is 1590016534 composite?
True
Is 32203197491 composite?
False
Is 119647983311 a prime number?
True
Is 2440422367 prime?
True
Is 95090261843 composite?
False
Is 13072071223 a composite number?
False
Is 30534840389 a prime number?
False
Is 1341076811 composite?
False
Is 34837732651 a prime number?
False
Is 17656350861 composite?
True
Is 4981182552